{"id":1650,"date":"2024-02-28T18:23:07","date_gmt":"2024-02-28T17:23:07","guid":{"rendered":"https:\/\/www.losencuentrosdepamplona.com\/participante\/asli-erdogan\/"},"modified":"2024-06-14T11:37:16","modified_gmt":"2024-06-14T09:37:16","slug":"asli-erdogan","status":"publish","type":"participante","link":"https:\/\/www.losencuentrosdepamplona.com\/en\/participante\/asli-erdogan\/","title":{"rendered":"Asli Erdogan"},"content":{"rendered":"\n<p><em>Exiled dissident writer.<\/em><\/p>\n\n\n\n<p>An engineering physicist by training and classical dancer, her poetic prose is influenced by the work of Paul Celan and Ruth Kl\u00fcger. She has won numerous international awards and been praised by writers including Orhan Pamuk. She was the Turkish representative on the PEN International Writers in Prison Committee. She wrote a column entitled <em>The Others<\/em> in the Turkish newspaper <em>Radikal<\/em>, on prisoners, refugees, torture and rights. After several years as writer in residence in European cities, she worked for the pro-Kurdish newspaper <em>\u00d6zg\u00fcr G\u00fcndem<\/em>, for which she was accused of terrorism and imprisoned. Her texts have been adapted for the stage and performed at La Scala, the Centre Pompidou and the Th\u00e9\u00e2tre des Champs-\u00c9lys\u00e9es. Her recent books include <em>The Stone Building and Other Places<\/em> (2021).\u00a0<\/p>\n","protected":false},"featured_media":1126,"template":"","categoria-participante":[59],"class_list":["post-1650","participante","type-participante","status-publish","has-post-thumbnail","hentry","categoria-participante-we-all-come-from-far-away"],"acf":[],"yoast_head":"<!-- This site is optimized with the Yoast SEO plugin v23.5 - https:\/\/yoast.com\/wordpress\/plugins\/seo\/ -->\n<title>Asli Erdogan - Encuentros de Pamplona \/ Iru\u00f1eko Topaketak<\/title>\n<meta name=\"robots\" content=\"index, follow, max-snippet:-1, max-image-preview:large, max-video-preview:-1\" \/>\n<link rel=\"canonical\" href=\"https:\/\/www.losencuentrosdepamplona.com\/participante\/asli-erdogan\/\" \/>\n<meta property=\"og:locale\" content=\"en_US\" \/>\n<meta property=\"og:type\" content=\"article\" \/>\n<meta property=\"og:title\" content=\"Asli Erdogan - Encuentros de Pamplona \/ Iru\u00f1eko Topaketak\" \/>\n<meta property=\"og:description\" content=\"Exiled dissident writer. An engineering physicist by training and classical dancer, her poetic prose is influenced by the work of Paul Celan and Ruth Kl\u00fcger. She has won numerous international awards and been praised by writers including Orhan Pamuk. She was the Turkish representative on the PEN International Writers in Prison Committee. She wrote a&hellip;&nbsp;Read More &raquo;Asli Erdogan\" \/>\n<meta property=\"og:url\" content=\"https:\/\/www.losencuentrosdepamplona.com\/participante\/asli-erdogan\/\" \/>\n<meta property=\"og:site_name\" content=\"Encuentros de Pamplona \/ Iru\u00f1eko Topaketak\" \/>\n<meta property=\"article:publisher\" content=\"https:\/\/www.facebook.com\/encuentrosdepamplona\/\" \/>\n<meta property=\"article:modified_time\" content=\"2024-06-14T09:37:16+00:00\" \/>\n<meta property=\"og:image\" content=\"https:\/\/www.losencuentrosdepamplona.com\/wp-content\/uploads\/2024\/02\/Asli-Erdogan.webp\" \/>\n\t<meta property=\"og:image:width\" content=\"800\" \/>\n\t<meta property=\"og:image:height\" content=\"915\" \/>\n\t<meta property=\"og:image:type\" content=\"image\/jpeg\" \/>\n<meta name=\"twitter:card\" content=\"summary_large_image\" \/>\n<meta name=\"twitter:site\" content=\"@encuentros2024\" \/>\n<meta name=\"twitter:label1\" content=\"Est. reading time\" \/>\n\t<meta name=\"twitter:data1\" content=\"1 minute\" \/>\n<script type=\"application\/ld+json\" class=\"yoast-schema-graph\">{\"@context\":\"https:\/\/schema.org\",\"@graph\":[{\"@type\":\"WebPage\",\"@id\":\"https:\/\/www.losencuentrosdepamplona.com\/participante\/asli-erdogan\/\",\"url\":\"https:\/\/www.losencuentrosdepamplona.com\/participante\/asli-erdogan\/\",\"name\":\"Asli Erdogan - Encuentros de Pamplona \/ Iru\u00f1eko Topaketak\",\"isPartOf\":{\"@id\":\"https:\/\/www.losencuentrosdepamplona.com\/#website\"},\"primaryImageOfPage\":{\"@id\":\"https:\/\/www.losencuentrosdepamplona.com\/participante\/asli-erdogan\/#primaryimage\"},\"image\":{\"@id\":\"https:\/\/www.losencuentrosdepamplona.com\/participante\/asli-erdogan\/#primaryimage\"},\"thumbnailUrl\":\"https:\/\/www.losencuentrosdepamplona.com\/wp-content\/uploads\/2024\/02\/Asli-Erdogan.webp\",\"datePublished\":\"2024-02-28T17:23:07+00:00\",\"dateModified\":\"2024-06-14T09:37:16+00:00\",\"breadcrumb\":{\"@id\":\"https:\/\/www.losencuentrosdepamplona.com\/participante\/asli-erdogan\/#breadcrumb\"},\"inLanguage\":\"en-US\",\"potentialAction\":[{\"@type\":\"ReadAction\",\"target\":[\"https:\/\/www.losencuentrosdepamplona.com\/participante\/asli-erdogan\/\"]}]},{\"@type\":\"ImageObject\",\"inLanguage\":\"en-US\",\"@id\":\"https:\/\/www.losencuentrosdepamplona.com\/participante\/asli-erdogan\/#primaryimage\",\"url\":\"https:\/\/www.losencuentrosdepamplona.com\/wp-content\/uploads\/2024\/02\/Asli-Erdogan.webp\",\"contentUrl\":\"https:\/\/www.losencuentrosdepamplona.com\/wp-content\/uploads\/2024\/02\/Asli-Erdogan.webp\",\"width\":800,\"height\":915},{\"@type\":\"BreadcrumbList\",\"@id\":\"https:\/\/www.losencuentrosdepamplona.com\/participante\/asli-erdogan\/#breadcrumb\",\"itemListElement\":[{\"@type\":\"ListItem\",\"position\":1,\"name\":\"Portada\",\"item\":\"https:\/\/www.losencuentrosdepamplona.com\/en\/\"},{\"@type\":\"ListItem\",\"position\":2,\"name\":\"Asli Erdogan\"}]},{\"@type\":\"WebSite\",\"@id\":\"https:\/\/www.losencuentrosdepamplona.com\/#website\",\"url\":\"https:\/\/www.losencuentrosdepamplona.com\/\",\"name\":\"Encuentros de Pamplona \/ Iru\u00f1eko Topaketak\",\"description\":\"Bienal internacional de cultura, arte y pensamiento\",\"publisher\":{\"@id\":\"https:\/\/www.losencuentrosdepamplona.com\/#organization\"},\"potentialAction\":[{\"@type\":\"SearchAction\",\"target\":{\"@type\":\"EntryPoint\",\"urlTemplate\":\"https:\/\/www.losencuentrosdepamplona.com\/?s={search_term_string}\"},\"query-input\":{\"@type\":\"PropertyValueSpecification\",\"valueRequired\":true,\"valueName\":\"search_term_string\"}}],\"inLanguage\":\"en-US\"},{\"@type\":\"Organization\",\"@id\":\"https:\/\/www.losencuentrosdepamplona.com\/#organization\",\"name\":\"Encuentros de Pamplona \/ Iru\u00f1eko Topaketak\",\"url\":\"https:\/\/www.losencuentrosdepamplona.com\/\",\"logo\":{\"@type\":\"ImageObject\",\"inLanguage\":\"en-US\",\"@id\":\"https:\/\/www.losencuentrosdepamplona.com\/#\/schema\/logo\/image\/\",\"url\":\"https:\/\/www.losencuentrosdepamplona.com\/wp-content\/uploads\/2024\/02\/encuentros__mid-dark.svg\",\"contentUrl\":\"https:\/\/www.losencuentrosdepamplona.com\/wp-content\/uploads\/2024\/02\/encuentros__mid-dark.svg\",\"width\":1103,\"height\":294,\"caption\":\"Encuentros de Pamplona \/ Iru\u00f1eko Topaketak\"},\"image\":{\"@id\":\"https:\/\/www.losencuentrosdepamplona.com\/#\/schema\/logo\/image\/\"},\"sameAs\":[\"https:\/\/www.facebook.com\/encuentrosdepamplona\/\",\"https:\/\/x.com\/encuentros2024\",\"https:\/\/www.instagram.com\/losencuentrosdepamplona\/?hl=es\"]}]}<\/script>\n<!-- \/ Yoast SEO plugin. -->","yoast_head_json":{"title":"Asli Erdogan - Encuentros de Pamplona \/ Iru\u00f1eko Topaketak","robots":{"index":"index","follow":"follow","max-snippet":"max-snippet:-1","max-image-preview":"max-image-preview:large","max-video-preview":"max-video-preview:-1"},"canonical":"https:\/\/www.losencuentrosdepamplona.com\/participante\/asli-erdogan\/","og_locale":"en_US","og_type":"article","og_title":"Asli Erdogan - Encuentros de Pamplona \/ Iru\u00f1eko Topaketak","og_description":"Exiled dissident writer. An engineering physicist by training and classical dancer, her poetic prose is influenced by the work of Paul Celan and Ruth Kl\u00fcger. She has won numerous international awards and been praised by writers including Orhan Pamuk. She was the Turkish representative on the PEN International Writers in Prison Committee. She wrote a&hellip;&nbsp;Read More &raquo;Asli Erdogan","og_url":"https:\/\/www.losencuentrosdepamplona.com\/participante\/asli-erdogan\/","og_site_name":"Encuentros de Pamplona \/ Iru\u00f1eko Topaketak","article_publisher":"https:\/\/www.facebook.com\/encuentrosdepamplona\/","article_modified_time":"2024-06-14T09:37:16+00:00","og_image":[{"width":800,"height":915,"url":"https:\/\/www.losencuentrosdepamplona.com\/wp-content\/uploads\/2024\/02\/Asli-Erdogan.webp","type":"image\/jpeg"}],"twitter_card":"summary_large_image","twitter_site":"@encuentros2024","twitter_misc":{"Est. reading time":"1 minute"},"schema":{"@context":"https:\/\/schema.org","@graph":[{"@type":"WebPage","@id":"https:\/\/www.losencuentrosdepamplona.com\/participante\/asli-erdogan\/","url":"https:\/\/www.losencuentrosdepamplona.com\/participante\/asli-erdogan\/","name":"Asli Erdogan - Encuentros de Pamplona \/ Iru\u00f1eko Topaketak","isPartOf":{"@id":"https:\/\/www.losencuentrosdepamplona.com\/#website"},"primaryImageOfPage":{"@id":"https:\/\/www.losencuentrosdepamplona.com\/participante\/asli-erdogan\/#primaryimage"},"image":{"@id":"https:\/\/www.losencuentrosdepamplona.com\/participante\/asli-erdogan\/#primaryimage"},"thumbnailUrl":"https:\/\/www.losencuentrosdepamplona.com\/wp-content\/uploads\/2024\/02\/Asli-Erdogan.webp","datePublished":"2024-02-28T17:23:07+00:00","dateModified":"2024-06-14T09:37:16+00:00","breadcrumb":{"@id":"https:\/\/www.losencuentrosdepamplona.com\/participante\/asli-erdogan\/#breadcrumb"},"inLanguage":"en-US","potentialAction":[{"@type":"ReadAction","target":["https:\/\/www.losencuentrosdepamplona.com\/participante\/asli-erdogan\/"]}]},{"@type":"ImageObject","inLanguage":"en-US","@id":"https:\/\/www.losencuentrosdepamplona.com\/participante\/asli-erdogan\/#primaryimage","url":"https:\/\/www.losencuentrosdepamplona.com\/wp-content\/uploads\/2024\/02\/Asli-Erdogan.webp","contentUrl":"https:\/\/www.losencuentrosdepamplona.com\/wp-content\/uploads\/2024\/02\/Asli-Erdogan.webp","width":800,"height":915},{"@type":"BreadcrumbList","@id":"https:\/\/www.losencuentrosdepamplona.com\/participante\/asli-erdogan\/#breadcrumb","itemListElement":[{"@type":"ListItem","position":1,"name":"Portada","item":"https:\/\/www.losencuentrosdepamplona.com\/en\/"},{"@type":"ListItem","position":2,"name":"Asli Erdogan"}]},{"@type":"WebSite","@id":"https:\/\/www.losencuentrosdepamplona.com\/#website","url":"https:\/\/www.losencuentrosdepamplona.com\/","name":"Encuentros de Pamplona \/ Iru\u00f1eko Topaketak","description":"Bienal internacional de cultura, arte y pensamiento","publisher":{"@id":"https:\/\/www.losencuentrosdepamplona.com\/#organization"},"potentialAction":[{"@type":"SearchAction","target":{"@type":"EntryPoint","urlTemplate":"https:\/\/www.losencuentrosdepamplona.com\/?s={search_term_string}"},"query-input":{"@type":"PropertyValueSpecification","valueRequired":true,"valueName":"search_term_string"}}],"inLanguage":"en-US"},{"@type":"Organization","@id":"https:\/\/www.losencuentrosdepamplona.com\/#organization","name":"Encuentros de Pamplona \/ Iru\u00f1eko Topaketak","url":"https:\/\/www.losencuentrosdepamplona.com\/","logo":{"@type":"ImageObject","inLanguage":"en-US","@id":"https:\/\/www.losencuentrosdepamplona.com\/#\/schema\/logo\/image\/","url":"https:\/\/www.losencuentrosdepamplona.com\/wp-content\/uploads\/2024\/02\/encuentros__mid-dark.svg","contentUrl":"https:\/\/www.losencuentrosdepamplona.com\/wp-content\/uploads\/2024\/02\/encuentros__mid-dark.svg","width":1103,"height":294,"caption":"Encuentros de Pamplona \/ Iru\u00f1eko Topaketak"},"image":{"@id":"https:\/\/www.losencuentrosdepamplona.com\/#\/schema\/logo\/image\/"},"sameAs":["https:\/\/www.facebook.com\/encuentrosdepamplona\/","https:\/\/x.com\/encuentros2024","https:\/\/www.instagram.com\/losencuentrosdepamplona\/?hl=es"]}]}},"uagb_featured_image_src":{"full":["https:\/\/www.losencuentrosdepamplona.com\/wp-content\/uploads\/2024\/02\/Asli-Erdogan.webp",800,915,false],"thumbnail":["https:\/\/www.losencuentrosdepamplona.com\/wp-content\/uploads\/2024\/02\/Asli-Erdogan-150x150.jpg",150,150,true],"medium":["https:\/\/www.losencuentrosdepamplona.com\/wp-content\/uploads\/2024\/02\/Asli-Erdogan-262x300.jpg",262,300,true],"medium_large":["https:\/\/www.losencuentrosdepamplona.com\/wp-content\/uploads\/2024\/02\/Asli-Erdogan-768x878.jpg",768,878,true],"large":["https:\/\/www.losencuentrosdepamplona.com\/wp-content\/uploads\/2024\/02\/Asli-Erdogan.webp",800,915,false],"thumblist":["https:\/\/www.losencuentrosdepamplona.com\/wp-content\/uploads\/2024\/02\/Asli-Erdogan.webp",262,300,false],"thumbrelated":["https:\/\/www.losencuentrosdepamplona.com\/wp-content\/uploads\/2024\/02\/Asli-Erdogan.webp",437,500,false],"meccarouselthumb":["https:\/\/www.losencuentrosdepamplona.com\/wp-content\/uploads\/2024\/02\/Asli-Erdogan.webp",283,324,false],"gridsquare":["https:\/\/www.losencuentrosdepamplona.com\/wp-content\/uploads\/2024\/02\/Asli-Erdogan.webp",227,260,false],"tileview":["https:\/\/www.losencuentrosdepamplona.com\/wp-content\/uploads\/2024\/02\/Asli-Erdogan.webp",300,343,false],"1536x1536":["https:\/\/www.losencuentrosdepamplona.com\/wp-content\/uploads\/2024\/02\/Asli-Erdogan.webp",800,915,false],"2048x2048":["https:\/\/www.losencuentrosdepamplona.com\/wp-content\/uploads\/2024\/02\/Asli-Erdogan.webp",800,915,false],"neve-blog":["https:\/\/www.losencuentrosdepamplona.com\/wp-content\/uploads\/2024\/02\/Asli-Erdogan-800x620.jpg",800,620,true]},"uagb_author_info":{"display_name":"ec6eef2fcc","author_link":"https:\/\/www.losencuentrosdepamplona.com\/en\/author\/"},"uagb_comment_info":0,"uagb_excerpt":"Exiled dissident writer. An engineering physicist by training and classical dancer, her poetic prose is influenced by the work of Paul Celan and Ruth Kl\u00fcger. She has won numerous international awards and been praised by writers including Orhan Pamuk. She was the Turkish representative on the PEN International Writers in Prison Committee. She wrote a&hellip;&nbsp;Read&hellip;","_links":{"self":[{"href":"https:\/\/www.losencuentrosdepamplona.com\/en\/wp-json\/wp\/v2\/participante\/1650","targetHints":{"allow":["GET"]}}],"collection":[{"href":"https:\/\/www.losencuentrosdepamplona.com\/en\/wp-json\/wp\/v2\/participante"}],"about":[{"href":"https:\/\/www.losencuentrosdepamplona.com\/en\/wp-json\/wp\/v2\/types\/participante"}],"wp:featuredmedia":[{"embeddable":true,"href":"https:\/\/www.losencuentrosdepamplona.com\/en\/wp-json\/wp\/v2\/media\/1126"}],"wp:attachment":[{"href":"https:\/\/www.losencuentrosdepamplona.com\/en\/wp-json\/wp\/v2\/media?parent=1650"}],"wp:term":[{"taxonomy":"categoria-participante","embeddable":true,"href":"https:\/\/www.losencuentrosdepamplona.com\/en\/wp-json\/wp\/v2\/categoria-participante?post=1650"}],"curies":[{"name":"wp","href":"https:\/\/api.w.org\/{rel}","templated":true}]}}

<p><em>Exiled dissident writer.</em></p>



<p>An engineering physicist by training and classical dancer, her poetic prose is influenced by the work of Paul Celan and Ruth Klüger. She has won numerous international awards and been praised by writers including Orhan Pamuk. She was the Turkish representative on the PEN International Writers in Prison Committee. She wrote a column entitled <em>The Others</em> in the Turkish newspaper <em>Radikal</em>, on prisoners, refugees, torture and rights. After several years as writer in residence in European cities, she worked for the pro-Kurdish newspaper <em>Özgür Gündem</em>, for which she was accused of terrorism and imprisoned. Her texts have been adapted for the stage and performed at La Scala, the Centre Pompidou and the Théâtre des Champs-Élysées. Her recent books include <em>The Stone Building and Other Places</em> (2021). </p>

<!-- This site is optimized with the Yoast SEO plugin v23.5 - https://yoast.com/wordpress/plugins/seo/ -->
<title>Asli Erdogan - Encuentros de Pamplona / Iruñeko Topaketak</title>
<meta name="robots" content="index, follow, max-snippet:-1, max-image-preview:large, max-video-preview:-1" />
<link rel="canonical" href="https://www.losencuentrosdepamplona.com/participante/asli-erdogan/" />
<meta property="og:locale" content="en_US" />
<meta property="og:type" content="article" />
<meta property="og:title" content="Asli Erdogan - Encuentros de Pamplona / Iruñeko Topaketak" />
<meta property="og:description" content="Exiled dissident writer. An engineering physicist by training and classical dancer, her poetic prose is influenced by the work of Paul Celan and Ruth Klüger. She has won numerous international awards and been praised by writers including Orhan Pamuk. She was the Turkish representative on the PEN International Writers in Prison Committee. She wrote a&hellip;&nbsp;Read More &raquo;Asli Erdogan" />
<meta property="og:url" content="https://www.losencuentrosdepamplona.com/participante/asli-erdogan/" />
<meta property="og:site_name" content="Encuentros de Pamplona / Iruñeko Topaketak" />
<meta property="article:publisher" content="https://www.facebook.com/encuentrosdepamplona/" />
<meta property="article:modified_time" content="2024-06-14T09:37:16+00:00" />
<meta property="og:image" content="https://www.losencuentrosdepamplona.com/wp-content/uploads/2024/02/Asli-Erdogan.webp" />
	<meta property="og:image:width" content="800" />
	<meta property="og:image:height" content="915" />
	<meta property="og:image:type" content="image/jpeg" />
<meta name="twitter:card" content="summary_large_image" />
<meta name="twitter:site" content="@encuentros2024" />
<meta name="twitter:label1" content="Est. reading time" />
	<meta name="twitter:data1" content="1 minute" />
<script type="application/ld+json" class="yoast-schema-graph">{"@context":"https://schema.org","@graph":[{"@type":"WebPage","@id":"https://www.losencuentrosdepamplona.com/participante/asli-erdogan/","url":"https://www.losencuentrosdepamplona.com/participante/asli-erdogan/","name":"Asli Erdogan - Encuentros de Pamplona / Iruñeko Topaketak","isPartOf":{"@id":"https://www.losencuentrosdepamplona.com/#website"},"primaryImageOfPage":{"@id":"https://www.losencuentrosdepamplona.com/participante/asli-erdogan/#primaryimage"},"image":{"@id":"https://www.losencuentrosdepamplona.com/participante/asli-erdogan/#primaryimage"},"thumbnailUrl":"https://www.losencuentrosdepamplona.com/wp-content/uploads/2024/02/Asli-Erdogan.webp","datePublished":"2024-02-28T17:23:07+00:00","dateModified":"2024-06-14T09:37:16+00:00","breadcrumb":{"@id":"https://www.losencuentrosdepamplona.com/participante/asli-erdogan/#breadcrumb"},"inLanguage":"en-US","potentialAction":[{"@type":"ReadAction","target":["https://www.losencuentrosdepamplona.com/participante/asli-erdogan/"]}]},{"@type":"ImageObject","inLanguage":"en-US","@id":"https://www.losencuentrosdepamplona.com/participante/asli-erdogan/#primaryimage","url":"https://www.losencuentrosdepamplona.com/wp-content/uploads/2024/02/Asli-Erdogan.webp","contentUrl":"https://www.losencuentrosdepamplona.com/wp-content/uploads/2024/02/Asli-Erdogan.webp","width":800,"height":915},{"@type":"BreadcrumbList","@id":"https://www.losencuentrosdepamplona.com/participante/asli-erdogan/#breadcrumb","itemListElement":[{"@type":"ListItem","position":1,"name":"Portada","item":"https://www.losencuentrosdepamplona.com/en/"},{"@type":"ListItem","position":2,"name":"Asli Erdogan"}]},{"@type":"WebSite","@id":"https://www.losencuentrosdepamplona.com/#website","url":"https://www.losencuentrosdepamplona.com/","name":"Encuentros de Pamplona / Iruñeko Topaketak","description":"Bienal internacional de cultura, arte y pensamiento","publisher":{"@id":"https://www.losencuentrosdepamplona.com/#organization"},"potentialAction":[{"@type":"SearchAction","target":{"@type":"EntryPoint","urlTemplate":"https://www.losencuentrosdepamplona.com/?s={search_term_string}"},"query-input":{"@type":"PropertyValueSpecification","valueRequired":true,"valueName":"search_term_string"}}],"inLanguage":"en-US"},{"@type":"Organization","@id":"https://www.losencuentrosdepamplona.com/#organization","name":"Encuentros de Pamplona / Iruñeko Topaketak","url":"https://www.losencuentrosdepamplona.com/","logo":{"@type":"ImageObject","inLanguage":"en-US","@id":"https://www.losencuentrosdepamplona.com/#/schema/logo/image/","url":"https://www.losencuentrosdepamplona.com/wp-content/uploads/2024/02/encuentros__mid-dark.svg","contentUrl":"https://www.losencuentrosdepamplona.com/wp-content/uploads/2024/02/encuentros__mid-dark.svg","width":1103,"height":294,"caption":"Encuentros de Pamplona / Iruñeko Topaketak"},"image":{"@id":"https://www.losencuentrosdepamplona.com/#/schema/logo/image/"},"sameAs":["https://www.facebook.com/encuentrosdepamplona/","https://x.com/encuentros2024","https://www.instagram.com/losencuentrosdepamplona/?hl=es"]}]}</script>
<!-- / Yoast SEO plugin. -->

Asli Erdogan - Encuentros de Pamplona / Iruñeko Topaketak

Exiled dissident writer. An engineering physicist by training and classical dancer, her poetic prose is influenced by the work of Paul Celan and Ruth Klüger. She has won numerous international awards and been praised by writers including Orhan Pamuk. She was the Turkish representative on the PEN International Writers in Prison Committee. She wrote a&hellip;&nbsp;Read More &raquo;Asli Erdogan

Encuentros de Pamplona / Iruñeko Topaketak

Exiled dissident writer. An engineering physicist by training and classical dancer, her poetic prose is influenced by the work of Paul Celan and Ruth Klüger. She has won numerous international awards and been praised by writers including Orhan Pamuk. She was the Turkish representative on the PEN International Writers in Prison Committee. She wrote a&hellip;&nbsp;Read&hellip;
